{"id":370,"date":"2019-06-09T15:01:02","date_gmt":"2019-06-09T13:01:02","guid":{"rendered":"https:\/\/stvauw.ch\/theater\/?page_id=370"},"modified":"2019-06-17T08:41:31","modified_gmt":"2019-06-17T06:41:31","slug":"2007-1987","status":"publish","type":"page","link":"https:\/\/stvauw.ch\/theater\/2007-1987\/","title":{"rendered":"2007 &#8211; 1987"},"content":{"rendered":"<p>[et_pb_section fb_built=&#187;1&#8243; _builder_version=&#187;3.19.18&#8243;][et_pb_row custom_margin=&#187;-20px||&#187; _builder_version=&#187;3.19.18&#8243;][et_pb_column type=&#187;4_4&#8243; _builder_version=&#187;3.19.18&#8243;][et_pb_text _builder_version=&#187;3.19.18&#8243;]<\/p>\n<div id=\"main\">\n<div id=\"inhalt\">\n<h1 class=\"headera\">Theaterauff\u00fchrungen\u00a0 1987 bis 2007<\/h1>\n<div id=\"main\">\n<div id=\"inhalt\">\n<div class=\"einzelseite\">\n<p class=\"normal\"><span style=\"font-size: small\">Nach <span data-scaytid=\"6\">12j\u00e4hrigem<\/span> Unterbruch wurde im Sp\u00e4therbst\u00a0<strong>1987\u00a0<\/strong>das Auwer Mehrzweckgeb\u00e4ude eingeweiht. Das war der Startschuss zur Weiterf\u00fchrung der Theaterauff\u00fchrungen.\u00a0August <span data-scaytid=\"5\">Burkart<\/span> kn\u00fcpfte als <span data-scaytid=\"8\">Regiesseur<\/span> sofort wieder an die Erfolge der fr\u00fcheren Jahre an und f\u00fchrte weitere 10 Jahre (<strong>bis 1996<\/strong>) im <span data-scaytid=\"9\">MZG<\/span> erfolgreich die Regie.<br \/> F\u00fcr ein Jahr (<strong>1997<\/strong>) wurde die Regie von\u00a0Rosemarie\u00a0<span data-scaytid=\"10\">B\u00fctler<\/span>\u00a0\u00fcbernommen.<\/span><br \/><span style=\"font-size: small\"><strong>Seit 1998\u00a0<\/strong>ist nun Hanna Gehrig\u00a0verantwortlich\u00a0f\u00fcr\u00a0die\u00a0k\u00fcnstlerische\u00a0Leitung\u00a0der Auff\u00fchrungen.\u00a0Nicht\u00a0nur\u00a0die\u00a0St\u00fcckwahl\u00a0ist\u00a0immer wieder\u00a0eine\u00a0<span data-scaytid=\"12\">grosse<\/span> Herausforderung,\u00a0sondern\u00a0auch\u00a0die Zusammenstellung\u00a0von\u00a0einem\u00a0geeigneten <span data-scaytid=\"14\">Ensambles<\/span> von Schauspielern und die Abstimmung von einem ausf\u00fchrlichen Probeplan. Aber all diese Bem\u00fchungen zahlen sich aus &#8211; das zeigt auch der <span data-scaytid=\"13\">grosse<\/span> Erfolg.<br \/><\/span><\/p>\n<\/div>\n<\/div>\n<\/div>\n<\/div>\n<\/div>\n<p>[\/et_pb_text][\/et_pb_column][\/et_pb_row][et_pb_row _builder_version=&#187;3.19.18&#8243;][et_pb_column type=&#187;1_4&#8243; _builder_version=&#187;3.19.18&#8243;][et_pb_team_member name=&#187;verwandtschaftlich verwandt&#187; position=&#187;2007&#8243; image_url=&#187;https:\/\/stvauw.ch\/theater\/wp-content\/uploads\/sites\/4\/2019\/06\/2007-verwandtschaftlich-verwandt.jpg&#187; _builder_version=&#187;3.19.18&#8243; box_shadow_style_image=&#187;preset1&#8243;]<\/p>\n<p>Lustspiel in 3 Akten<br \/>von Hansueli Z\u00fcger<\/p>\n<p>Personen: 7 D \/ 6 M<\/p>\n<p>Regie: Hanna Gehrig<\/p>\n<p>[\/et_pb_team_member][\/et_pb_column][et_pb_column type=&#187;1_4&#8243; _builder_version=&#187;3.19.18&#8243;][et_pb_gallery posts_number=&#187;2&#8243; show_title_and_caption=&#187;off&#187; _builder_version=&#187;3.19.18&#8243; gallery_ids=&#187;879,880,881,882,883,884,885,886,887,888,889,890,891,892,893,894,895,896,897&#8243;][\/et_pb_gallery][\/et_pb_column][et_pb_column type=&#187;1_4&#8243; _builder_version=&#187;3.19.18&#8243;][et_pb_team_member name=&#187;De Chef weiss vo n\u00fc\u00fct&#187; position=&#187;2006&#8243; image_url=&#187;https:\/\/stvauw.ch\/theater\/wp-content\/uploads\/sites\/4\/2019\/06\/2006-de-Chef-weiss-von-n\u00fc\u00fct.jpg&#187; _builder_version=&#187;3.19.18&#8243; box_shadow_style_image=&#187;preset1&#8243;]<\/p>\n<p>Lustspiel in 3 Akten<br \/>von Corinne Gasser<\/p>\n<p>Personen: 4 D \/ 5 M<\/p>\n<p>Regie: Hanna Gehrig<\/p>\n<p>[\/et_pb_team_member][\/et_pb_column][et_pb_column type=&#187;1_4&#8243; _builder_version=&#187;3.19.18&#8243;][et_pb_gallery posts_number=&#187;2&#8243; show_title_and_caption=&#187;off&#187; _builder_version=&#187;3.19.18&#8243; gallery_ids=&#187;898,899,900,901,902,903,904,905,906,907,908,909,910,911,912,913,914,915,916,917,918,919,920,921,922,923&#8243;][\/et_pb_gallery][\/et_pb_column][\/et_pb_row][et_pb_row _builder_version=&#187;3.19.18&#8243;][et_pb_column type=&#187;1_4&#8243; _builder_version=&#187;3.19.18&#8243;][et_pb_gallery posts_number=&#187;2&#8243; show_title_and_caption=&#187;off&#187; _builder_version=&#187;3.19.18&#8243; gallery_ids=&#187;924,925,926,927,928,929,930,931,932,933,934,935,936,937&#8243;][\/et_pb_gallery][\/et_pb_column][et_pb_column type=&#187;1_4&#8243; _builder_version=&#187;3.19.18&#8243;][et_pb_team_member name=&#187;Stille Wahl&#187; position=&#187;2005&#8243; image_url=&#187;https:\/\/stvauw.ch\/theater\/wp-content\/uploads\/sites\/4\/2019\/06\/2005-stille-Wahl.jpg&#187; _builder_version=&#187;3.19.18&#8243; box_shadow_style_image=&#187;preset1&#8243;]<\/p>\n<p>Kom\u00f6die in 3 Akten<br \/>von Harry Sturzenegger<\/p>\n<p>Personen: 5 D \/ 5 M<\/p>\n<p>Regie: Hanna Gehrig<\/p>\n<p>[\/et_pb_team_member][\/et_pb_column][et_pb_column type=&#187;1_4&#8243; _builder_version=&#187;3.19.18&#8243;][et_pb_gallery posts_number=&#187;2&#8243; show_title_and_caption=&#187;off&#187; _builder_version=&#187;3.19.18&#8243; gallery_ids=&#187;938,939,940,941,942,943,944,945,946,947,948,949,950,951&#8243;][\/et_pb_gallery][\/et_pb_column][et_pb_column type=&#187;1_4&#8243; _builder_version=&#187;3.19.18&#8243;][et_pb_team_member name=&#187;E schl\u00e4chti Uusred&#187; position=&#187;2004&#8243; image_url=&#187;https:\/\/stvauw.ch\/theater\/wp-content\/uploads\/sites\/4\/2019\/06\/2004-E-schl\u00e4chti-Uusred.jpg&#187; _builder_version=&#187;3.19.18&#8243; box_shadow_style_image=&#187;preset1&#8243;]<\/p>\n<p>Lustspiel in 3 Akten<br \/>von Hans Lellis <br \/>Dialektbearbeitung: Fritz Klein<\/p>\n<p>Personen: 5 D \/ 5 M<\/p>\n<p>Regie: Hanna Gehrig<\/p>\n<p>[\/et_pb_team_member][\/et_pb_column][\/et_pb_row][et_pb_row _builder_version=&#187;3.19.18&#8243;][et_pb_column type=&#187;1_4&#8243; _builder_version=&#187;3.19.18&#8243;][et_pb_team_member name=&#187;10 Millione zum Geburtstag&#187; position=&#187;2003&#8243; image_url=&#187;https:\/\/stvauw.ch\/theater\/wp-content\/uploads\/sites\/4\/2019\/06\/2003-10-Millione-zum-Geburtstag.jpg&#187; _builder_version=&#187;3.19.18&#8243; box_shadow_style_image=&#187;preset1&#8243;]<\/p>\n<p>Lustspiel in 3 Akten<br \/>von Roman Alexander,<br \/>Schweiz.Bearbeitung: Josef Brun<\/p>\n<p>Personen: 4 D \/ 6 M<\/p>\n<p>Regie: Hanna Gehrig<\/p>\n<p>[\/et_pb_team_member][\/et_pb_column][et_pb_column type=&#187;1_4&#8243; _builder_version=&#187;3.19.18&#8243;][et_pb_team_member name=&#187;Chlyni Gauner &#8211; Grossi Gauner&#187; position=&#187;2002&#8243; image_url=&#187;https:\/\/stvauw.ch\/theater\/wp-content\/uploads\/sites\/4\/2019\/06\/2002-Chlyni-Gauner-Grossi-Gauner.jpg&#187; _builder_version=&#187;3.19.18&#8243; box_shadow_style_image=&#187;preset1&#8243;]<\/p>\n<p>Kriminalkom\u00f6die in 3 Akten<br \/>von Jean Meyer<\/p>\n<p>Personen: 6 D \/ 6 M<\/p>\n<p>Regie: Hanna Gehrig<\/p>\n<p>[\/et_pb_team_member][\/et_pb_column][et_pb_column type=&#187;1_4&#8243; _builder_version=&#187;3.19.18&#8243;][et_pb_team_member name=&#187;Wer esch de Vatter?&#187; position=&#187;2001&#8243; image_url=&#187;https:\/\/stvauw.ch\/theater\/wp-content\/uploads\/sites\/4\/2019\/06\/2001-Wer-esch-de-Vatter.jpg&#187; _builder_version=&#187;3.19.18&#8243; box_shadow_style_image=&#187;preset1&#8243;]<\/p>\n<p>Lustspiel in 3 Akten<br \/>von Anita Hart und Maurice Braddel<\/p>\n<p>Personen: 7 D \/ 7 M<\/p>\n<p>Regie: Hanna Gehrig<\/p>\n<p>[\/et_pb_team_member][\/et_pb_column][et_pb_column type=&#187;1_4&#8243; _builder_version=&#187;3.19.18&#8243;][et_pb_gallery posts_number=&#187;2&#8243; _builder_version=&#187;3.19.18&#8243; gallery_ids=&#187;954,955,956,957,958,959,960,961,962,963&#8243;][\/et_pb_gallery][\/et_pb_column][\/et_pb_row][et_pb_row _builder_version=&#187;3.19.18&#8243;][et_pb_column type=&#187;1_4&#8243; _builder_version=&#187;3.19.18&#8243;][et_pb_team_member name=&#187;Tr\u00e4ffpunkt Kap Horn&#187; position=&#187;2000&#8243; image_url=&#187;https:\/\/stvauw.ch\/theater\/wp-content\/uploads\/sites\/4\/2019\/06\/2000-Tr\u00e4ffpunkt-Kap-Horn.jpg&#187; _builder_version=&#187;3.19.18&#8243; box_shadow_style_image=&#187;preset1&#8243;]<\/p>\n<p>Lustspiel in 3 Akten<br \/>von Fritz Wempner<\/p>\n<p>Personen: 4 D \/ 5 M<\/p>\n<p>Regie: Hanna Gehrig<\/p>\n<p>[\/et_pb_team_member][\/et_pb_column][et_pb_column type=&#187;1_4&#8243; _builder_version=&#187;3.19.18&#8243;][et_pb_team_member name=&#187;Es Maitli f\u00fcr Alles&#187; position=&#187;1999&#8243; image_url=&#187;https:\/\/stvauw.ch\/theater\/wp-content\/uploads\/sites\/4\/2019\/06\/1999-Es-Maitli-f\u00fcr-Alles.jpg&#187; _builder_version=&#187;3.19.18&#8243; box_shadow_style_image=&#187;preset1&#8243;]<\/p>\n<p>Lustspiel in 3 Akten<br \/>von Ignaz Brantner und Willy D\u00fcnkel<\/p>\n<p>Personen: 6 D \/ 6 M<\/p>\n<p>Regie: Hanna Gehrig<\/p>\n<p>[\/et_pb_team_member][\/et_pb_column][et_pb_column type=&#187;1_4&#8243; _builder_version=&#187;3.19.18&#8243;][et_pb_team_member name=&#187;De Wittlig&#187; position=&#187;1998&#8243; image_url=&#187;https:\/\/stvauw.ch\/theater\/wp-content\/uploads\/sites\/4\/2019\/06\/1998-de-Wittlig.jpg&#187; _builder_version=&#187;3.19.18&#8243; box_shadow_style_image=&#187;preset1&#8243;]<\/p>\n<p>Bauernkom\u00f6die in 4 Akten<br \/> von Andreas Zimmermann<\/p>\n<p>Personen: 9 D \/ 10 M \/ 1 K<\/p>\n<p>Regie: Hanna Gehrig<\/p>\n<p>[\/et_pb_team_member][\/et_pb_column][et_pb_column type=&#187;1_4&#8243; _builder_version=&#187;3.19.18&#8243;][et_pb_gallery posts_number=&#187;2&#8243; _builder_version=&#187;3.19.18&#8243; gallery_ids=&#187;966,967,968,969,970,971,972,973,974&#8243;][\/et_pb_gallery][\/et_pb_column][\/et_pb_row][et_pb_row _builder_version=&#187;3.19.18&#8243;][et_pb_column type=&#187;1_4&#8243; _builder_version=&#187;3.19.18&#8243;][et_pb_team_member name=&#187;Dr Geisterzug&#187; position=&#187;1997&#8243; image_url=&#187;https:\/\/stvauw.ch\/theater\/wp-content\/uploads\/sites\/4\/2019\/06\/1997-Dr-Geisterzug.jpg&#187; _builder_version=&#187;3.19.18&#8243; box_shadow_style_image=&#187;preset1&#8243;]<\/p>\n<p>Kriminalst\u00fcck in 3 Akten<br \/>aus dem englischen \u00fcbertragen<br \/>Mundartfassung von Max Begert<\/p>\n<p>Personen: 4 D \/ 9 M<\/p>\n<p>Regie: Rosmarie B\u00fctler<\/p>\n<p>[\/et_pb_team_member][\/et_pb_column][et_pb_column type=&#187;1_4&#8243; _builder_version=&#187;3.19.18&#8243;][et_pb_team_member name=&#187;Erna vom Goldingerhof&#187; position=&#187;1996&#8243; image_url=&#187;https:\/\/stvauw.ch\/theater\/wp-content\/uploads\/sites\/4\/2019\/06\/1996-Erna-vom-Goldingerhof.jpg&#187; _builder_version=&#187;3.19.18&#8243; box_shadow_style_image=&#187;preset1&#8243;]<\/p>\n<p>Volksst\u00fcck in 4 Akten<br \/>von Maria Ineichen-Sch\u00fcpfer<\/p>\n<p>Personen: 7 D \/ 9 M \/ Volk<\/p>\n<p>Regie: August Burkart<\/p>\n<p>[\/et_pb_team_member][\/et_pb_column][et_pb_column type=&#187;1_4&#8243; _builder_version=&#187;3.19.18&#8243;][et_pb_team_member name=&#187;Gscht\u00fcrm im Scht\u00e4gehuus&#187; position=&#187;1995&#8243; image_url=&#187;https:\/\/stvauw.ch\/theater\/wp-content\/uploads\/sites\/4\/2019\/06\/1995-Gscht\u00fcrm-im-Scht\u00e4gehuus.jpg&#187; _builder_version=&#187;3.19.18&#8243; box_shadow_style_image=&#187;preset1&#8243;]<\/p>\n<p>Kom\u00f6die in 4 Akten<br \/>von Jens Exler,<br \/>Mundart: von Carl Hirrlinger<\/p>\n<p>[\/et_pb_team_member][\/et_pb_column][et_pb_column type=&#187;1_4&#8243; _builder_version=&#187;3.19.18&#8243;][et_pb_gallery posts_number=&#187;2&#8243; _builder_version=&#187;3.19.18&#8243; gallery_ids=&#187;975,976,977,978,979,980,981,982,983&#8243;][\/et_pb_gallery][\/et_pb_column][\/et_pb_row][et_pb_row _builder_version=&#187;3.19.18&#8243;][et_pb_column type=&#187;1_4&#8243; _builder_version=&#187;3.19.18&#8243;][et_pb_team_member name=&#187;s&#8217;Chorbflicker-Rosi&#187; position=&#187;1994&#8243; image_url=&#187;https:\/\/stvauw.ch\/theater\/wp-content\/uploads\/sites\/4\/2019\/06\/1994-s-Chorbflicker-Rosi.jpg&#187; _builder_version=&#187;3.19.18&#8243; box_shadow_style_image=&#187;preset1&#8243;]<\/p>\n<p>Volksst\u00fcck in 4 Akten<br \/>von C.Berger, bearbeitet von Paul Hartmann<\/p>\n<p>Personen: 4 D \/ 8 M \/ Volk<\/p>\n<p>Regie: August Burkart<\/p>\n<p>[\/et_pb_team_member][\/et_pb_column][et_pb_column type=&#187;1_4&#8243; _builder_version=&#187;3.19.18&#8243;][et_pb_team_member name=&#187;Adrian und Baldrian&#187; position=&#187;1993&#8243; image_url=&#187;https:\/\/stvauw.ch\/theater\/wp-content\/uploads\/sites\/4\/2019\/06\/1993-Adrian-und-Baldrian.jpg&#187; _builder_version=&#187;3.19.18&#8243; box_shadow_style_image=&#187;preset1&#8243;]<\/p>\n<p>Lustspiel in 3 Akten<br \/>von Emil K\u00e4gi<\/p>\n<p>Personen: 4 D \/ 5 M \/ Volk<\/p>\n<p>Regie: August Burkart<\/p>\n<p>[\/et_pb_team_member][\/et_pb_column][et_pb_column type=&#187;1_4&#8243; _builder_version=&#187;3.19.18&#8243;][et_pb_team_member name=&#187;Der b\u00f6s Geischt uf de Breiti&#187; position=&#187;1992&#8243; image_url=&#187;https:\/\/stvauw.ch\/theater\/wp-content\/uploads\/sites\/4\/2019\/06\/1992-Der-b\u00f6s-Geischt-uf-de-Breiti.jpg&#187; _builder_version=&#187;3.19.18&#8243; box_shadow_style_image=&#187;preset1&#8243;]<\/p>\n<p>Volksst\u00fcck in 3 Akten<br \/>von Maria Ineichen-Sch\u00fcpfer<\/p>\n<p>Personen: 6 D \/ 8 M \/ Volk<\/p>\n<p>Regie: August Burkart<\/p>\n<p>[\/et_pb_team_member][\/et_pb_column][et_pb_column type=&#187;1_4&#8243; _builder_version=&#187;3.19.18&#8243;][et_pb_gallery posts_number=&#187;2&#8243; _builder_version=&#187;3.19.18&#8243; gallery_ids=&#187;984,985,986,987&#8243;][\/et_pb_gallery][\/et_pb_column][\/et_pb_row][et_pb_row _builder_version=&#187;3.19.18&#8243;][et_pb_column type=&#187;1_4&#8243; _builder_version=&#187;3.19.18&#8243;][et_pb_team_member name=&#187;s Millionebett&#187; position=&#187;1991&#8243; image_url=&#187;https:\/\/stvauw.ch\/theater\/wp-content\/uploads\/sites\/4\/2019\/06\/1991-s-Millionebett.jpg&#187; _builder_version=&#187;3.19.18&#8243; box_shadow_style_image=&#187;preset1&#8243;]<\/p>\n<p>Schwank in 3 Akten<br \/>von Hans Lee<\/p>\n<p>Personen: 5 D \/ 7 M<\/p>\n<p>Regie: August Burkart<\/p>\n<p>[\/et_pb_team_member][\/et_pb_column][et_pb_column type=&#187;1_4&#8243; _builder_version=&#187;3.19.18&#8243;][et_pb_team_member name=&#187;D Geier-Wally&#187; position=&#187;1990&#8243; image_url=&#187;https:\/\/stvauw.ch\/theater\/wp-content\/uploads\/sites\/4\/2019\/06\/1990-D-Geier-Wally.jpg&#187; _builder_version=&#187;3.19.18&#8243; box_shadow_style_image=&#187;preset1&#8243;]<\/p>\n<p>Volksst\u00fcck in 4 Akten<br \/>von W. von Hillern, Bearbeitung von Paul Hartmann<\/p>\n<p>Personen: 8 D \/ 13 M<\/p>\n<p>Regie: August Burkart<\/p>\n<p>[\/et_pb_team_member][\/et_pb_column][et_pb_column type=&#187;1_4&#8243; _builder_version=&#187;3.19.18&#8243;][et_pb_team_member name=&#187;De Meischterboxer&#187; position=&#187;1989&#8243; image_url=&#187;https:\/\/stvauw.ch\/theater\/wp-content\/uploads\/sites\/4\/2019\/06\/1989-De-Meischterboxer.jpg&#187; _builder_version=&#187;3.19.18&#8243; box_shadow_style_image=&#187;preset1&#8243;]<\/p>\n<p>Schwank in 3 Akten<br \/>von Otto Schwarz und Carl Mathern<\/p>\n<p>Personen: 5 D \/ 5 M<\/p>\n<p>Regie: August Burkart<\/p>\n<p>[\/et_pb_team_member][\/et_pb_column][et_pb_column type=&#187;1_4&#8243; _builder_version=&#187;3.19.18&#8243;][et_pb_gallery posts_number=&#187;2&#8243; _builder_version=&#187;3.19.18&#8243; gallery_ids=&#187;988,989,990,991,992,993,994,995,996&#8243;][\/et_pb_gallery][\/et_pb_column][\/et_pb_row][et_pb_row _builder_version=&#187;3.19.18&#8243;][et_pb_column type=&#187;1_4&#8243; _builder_version=&#187;3.19.18&#8243;][et_pb_team_member name=&#187;D W\u00e4tterh\u00e4x&#187; position=&#187;1988&#8243; image_url=&#187;https:\/\/stvauw.ch\/theater\/wp-content\/uploads\/sites\/4\/2019\/06\/1988-D-W\u00e4tterh\u00e4x.jpg&#187; _builder_version=&#187;3.19.18&#8243; box_shadow_style_image=&#187;preset1&#8243;]<\/p>\n<p>Volksst\u00fcck in 5 Akten<br \/>von C. Berger, neu bearbeitet von Max Ritter<\/p>\n<p>Personen: 7 D \/ 7 M<\/p>\n<p>Regie: August Burkart<\/p>\n<p>[\/et_pb_team_member][\/et_pb_column][et_pb_column type=&#187;1_4&#8243; _builder_version=&#187;3.19.18&#8243;][et_pb_gallery posts_number=&#187;2&#8243; _builder_version=&#187;3.19.18&#8243; gallery_ids=&#187;997,998,999,1000&#8243;][\/et_pb_gallery][\/et_pb_column][et_pb_column type=&#187;1_4&#8243; _builder_version=&#187;3.19.18&#8243;][et_pb_team_member name=&#187;Die letschti Gotthardposcht&#187; position=&#187;1987&#8243; image_url=&#187;https:\/\/stvauw.ch\/theater\/wp-content\/uploads\/sites\/4\/2019\/06\/1987-Di-letschti-Gotthardposcht-1.jpg&#187; _builder_version=&#187;3.19.18&#8243; box_shadow_style_image=&#187;preset1&#8243;]<\/p>\n<p>Volksst\u00fcck in 3 Akten<br \/>von Max Ritter nach Ulrich Farner<\/p>\n<p>Personen: 5 D \/ 9 M<\/p>\n<p>Regie: August Burkart<\/p>\n<p>[\/et_pb_team_member][\/et_pb_column][et_pb_column type=&#187;1_4&#8243; _builder_version=&#187;3.19.18&#8243;][\/et_pb_column][\/et_pb_row][\/et_pb_section]<\/p>\n","protected":false},"excerpt":{"rendered":"<p>Theaterauff\u00fchrungen\u00a0 1987 bis 2007 Nach 12j\u00e4hrigem Unterbruch wurde im Sp\u00e4therbst\u00a01987\u00a0das Auwer Mehrzweckgeb\u00e4ude eingeweiht. Das war der Startschuss zur Weiterf\u00fchrung der Theaterauff\u00fchrungen.\u00a0August Burkart kn\u00fcpfte als Regiesseur sofort wieder an die Erfolge der fr\u00fcheren Jahre an und f\u00fchrte weitere 10 Jahre (bis 1996) im MZG erfolgreich die Regie. F\u00fcr ein Jahr (1997) wurde die Regie von\u00a0Rosemarie\u00a0B\u00fctler\u00a0\u00fcbernommen.Seit 1998\u00a0ist [&hellip;]<\/p>\n","protected":false},"author":6,"featured_media":0,"parent":0,"menu_order":0,"comment_status":"closed","ping_status":"closed","template":"","meta":{"_et_pb_use_builder":"on","_et_pb_old_content":"<!-- wp:divi\/placeholder \/-->","_et_gb_content_width":"","footnotes":""},"class_list":["post-370","page","type-page","status-publish","hentry"],"_links":{"self":[{"href":"https:\/\/stvauw.ch\/theater\/wp-json\/wp\/v2\/pages\/370","targetHints":{"allow":["GET"]}}],"collection":[{"href":"https:\/\/stvauw.ch\/theater\/wp-json\/wp\/v2\/pages"}],"about":[{"href":"https:\/\/stvauw.ch\/theater\/wp-json\/wp\/v2\/types\/page"}],"author":[{"embeddable":true,"href":"https:\/\/stvauw.ch\/theater\/wp-json\/wp\/v2\/users\/6"}],"replies":[{"embeddable":true,"href":"https:\/\/stvauw.ch\/theater\/wp-json\/wp\/v2\/comments?post=370"}],"version-history":[{"count":18,"href":"https:\/\/stvauw.ch\/theater\/wp-json\/wp\/v2\/pages\/370\/revisions"}],"predecessor-version":[{"id":1001,"href":"https:\/\/stvauw.ch\/theater\/wp-json\/wp\/v2\/pages\/370\/revisions\/1001"}],"wp:attachment":[{"href":"https:\/\/stvauw.ch\/theater\/wp-json\/wp\/v2\/media?parent=370"}],"curies":[{"name":"wp","href":"https:\/\/api.w.org\/{rel}","templated":true}]}}