{"id":373,"date":"2019-06-09T15:01:52","date_gmt":"2019-06-09T13:01:52","guid":{"rendered":"https:\/\/stvauw.ch\/theater\/?page_id=373"},"modified":"2019-06-09T22:13:42","modified_gmt":"2019-06-09T20:13:42","slug":"1975-1937","status":"publish","type":"page","link":"https:\/\/stvauw.ch\/theater\/1975-1937\/","title":{"rendered":"1975 &#8211; 1937"},"content":{"rendered":"<p>[et_pb_section fb_built=&#187;1&#8243; _builder_version=&#187;3.19.18&#8243;][et_pb_row custom_margin=&#187;-33px||&#187; _builder_version=&#187;3.19.18&#8243;][et_pb_column type=&#187;4_4&#8243; _builder_version=&#187;3.19.18&#8243;][et_pb_text _builder_version=&#187;3.19.18&#8243;]<\/p>\n<div id=\"main\">\n<div id=\"inhalt\">\n<div class=\"einzelseite\">\n<h1 class=\"titel\">Theaterauff\u00fchrungen\u00a0\/\u00a0Turnervorstellungen\u00a0\u00a0\u00a01937 &#8211; 1975<\/h1>\n<h2><span style=\"font-family: Verdana, Arial, Helvetica, sans-serif;font-size: small\">Bereits im <strong>Jahre 1937 <\/strong>zeigten einige Mitglieder des Turnvereins sehr grossen Mut, denn sie beschlossen, sich der Kunst des Theaterspielens zu widmen.<\/span><\/h2>\n<p><span style=\"font-family: Verdana, Arial, Helvetica, sans-serif;font-size: small\">Anf\u00e4nglich f\u00fchrte A.Bircher Regie und wurde dann sp\u00e4ter von Josef Sennrich abgel\u00f6st. Einige Jahre sp\u00e4ter \u00fcbernahm August Burkard, bis anhin selbst aktiver Theaterspieler, das Zepter. Mit viel Mut machte er sich an diese Arbeit heran.\u00a0W\u00e4hrend vieler Jahre gelang es ihm, mit viel Improvisationstalent und einem schier unersch\u00f6pflichen Ideenreichtum eine tolle Atmosph\u00e4re in den <u>Hirschensaal<\/u> zu bringen. <br \/>Die jahrzehntelange Theateraera dauerte <strong>bis zum Jahre 1975<\/strong>. Aus bautechnischen Gr\u00fcnden konnte der altehrw\u00fcrdige Saal nicht mehr als Auff\u00fchrungslokal benutzt werden. Somit musste die weit \u00fcber die Kantonsgrenzen hinaus bekannte Theatertradition\u00a0des Turnvereins Auw wohl oder \u00fcbel unterbrochen werden.<\/span><\/p>\n<div id=\"main\">\n<div id=\"inhalt\">\n<div class=\"einzelseite\">\n<p><span style=\"font-family: Verdana, Arial, Helvetica, sans-serif;font-size: small\">Dem Theater ging immer ein turnerischer 1. Teil voraus, wo Lieder, Reigen, Barrenturnen sowie Sketches die Zuschauer zu unterhalten versuchten.<\/span><\/p>\n<\/div>\n<\/div>\n<\/div>\n<\/div>\n<\/div>\n<\/div>\n<p>[\/et_pb_text][\/et_pb_column][\/et_pb_row][et_pb_row custom_padding=&#187;26px|0px|27px|0px|false|false&#187; _builder_version=&#187;3.19.18&#8243;][et_pb_column type=&#187;1_2&#8243; _builder_version=&#187;3.19.18&#8243;][et_pb_text _builder_version=&#187;3.19.18&#8243;]<\/p>\n<p>1975:\u00a0\u00a0 s&#8217;Millionenbett (Schwank in 3 Akten)<br \/> 1974:\u00a0\u00a0 Beatrice\u00a0 (Volksst\u00fcck in 3 Akten)<br \/> 1973:\u00a0\u00a0 D&#8217;Babette schafft Ornig\u00a0 (Volksst\u00fcck in 5 Akten)<br \/> 1972: \u00a0 Gustav und Xaver\u00a0 (Lustspiel in 3 Akten)<br \/> 1971:\u00a0\u00a0 Di letschti Gotthardposcht\u00a0 (Volksst\u00fcck in 3 Akten)<br \/> 1970: \u00a0 Jungs Volch\u00a0 (Volksst\u00fcck in 4 Akten)<br \/> 1969: \u00a0 Die Glocken von Plurs\u00a0 (Drama in 5 Akten)<br \/> 1968: \u00a0 E tolli Familie\u00a0 (Lustspiel in 3 Akten)<br \/> 1967:\u00a0\u00a0 De Muschterbuur\u00a0 (Volksst\u00fcck in 5 Akten)<br \/> 1966:\u00a0\u00a0 De Meischterboxer\u00a0 (Schwank in 3 Akten)<br \/> 1965:\u00a0\u00a0 D&#8217;Schtaumuur\u00a0 (Schauspiel in 4 Akten)<br \/> 1964:\u00a0\u00a0 D&#8217;Wetterh\u00e4x\u00a0 (Volksst\u00fcck in 4 Akten)<br \/> 1963: \u00a0 s&#8217;Millionenbett\u00a0 (Schwank in 3 Akten)<br \/> 1962:\u00a0\u00a0 Zw\u00f6ierlei Rychtum\u00a0 (Schauspiel in 4 Akten)<br \/> 1961:\u00a0\u00a0 Erna vom Goldingerhof\u00a0 (Volksst\u00fcck in 4 Akten)<br \/> 1960:\u00a0\u00a0 Die Besenbinderliesel\u00a0 (Volksst\u00fcck in 5 Akten)<br \/> 1959:\u00a0\u00a0 S&#8217;Verl\u00e4geheitschind\u00a0 (Lustspiel in 3 Akten)<br \/> 1958:\u00a0\u00a0 D&#8217;Babette schafft Ornig\u00a0 (Volksst\u00fcck in 5 Akten)<br \/> 1957:\u00a0\u00a0 Di letschti Gotthardposcht\u00a0 (Volksst\u00fcck in 3 Akten)<br \/> 1956: \u00a0 D&#8217;Buessfahrt\u00a0 (Schwank in 2 Akten)<br \/> 1955:\u00a0\u00a0 N\u00e4bel \u00fcber em See\u00a0 (Schauspiel in 4 Akten)<br \/> 1954:\u00a0\u00a0 Drei Tag Chefi\u00a0 (Lustspiel in 2 Akten)<br \/> 1953: \u00a0 D&#8217;W\u00e4tterh\u00e4x uf Buechenegg\u00a0 (Volksst\u00fcck in 4 Akten)<br \/> 1952:\u00a0\u00a0 Der Wasserh\u00fcter von St.Veit\u00a0 (Volksst\u00fcck in 6 Akten)<br \/> 1951:\u00a0\u00a0 Das Waldr\u00f6schen\u00a0 (Volksst\u00fcck in 4 Akten)<br \/> 1950:\u00a0\u00a0 Brieftr\u00e4ger vo Hohb\u00fcehl\u00a0 (Volksst\u00fcck in 4 Akten)<br \/> 1949:\u00a0\u00a0 Die Glocken von Plurs\u00a0 (Drama in 5 Akten)<br \/> 1948:\u00a0\u00a0 Dr Armeh\u00fcsler\u00a0 (Volksst\u00fcck in 4 Akten)<br \/> 1947:\u00a0\u00a0 Bajazzo das ist aus\u00a0 (Trag\u00f6die in 4 Akten)<br \/> 1946:\u00a0\u00a0 Der wahre Jakob\u00a0 (Schwank in 3 Akten)<br \/> 1945:\u00a0\u00a0 Der H\u00fcttenwart\u00a0 (Drama in 3 Akten)<br \/> 1944: \u00a0 St\u00fcrme des Lebens\u00a0 (Drama in 4 Akten)<br \/> 1943:\u00a0\u00a0 Dr letschte Postillon von St.Gotthard (Volksst\u00fcck in 4 Akten)<br \/> 1942:\u00a0\u00a0 &#8212;&#8211;<br \/> 1941:\u00a0\u00a0 Ehre deine Mutter\u00a0 (Drama in 4 Akten)<br \/> 1940:\u00a0\u00a0 Der verliebte Johann\u00a0 (Drama in 1 Akt)<br \/> 1939: \u00a0 &#8212;&#8211;<br \/> 1938:\u00a0\u00a0 Armut und Ehre\u00a0 (Volksst\u00fcck in 3 Akten)<br \/> 1937:\u00a0\u00a0 Der Sohn des Wilddiebs\u00a0 (Drama in 2 Akten)<\/p>\n<p>[\/et_pb_text][\/et_pb_column][et_pb_column type=&#187;1_2&#8243; _builder_version=&#187;3.19.18&#8243;][et_pb_gallery gallery_ids=&#187;379,380,381,382,383,384,385,386,387,388,389,390,391,392,393,394,395,396,397,398,399,400,401,402,403,404,405,406,407,408,409&#8243; posts_number=&#187;8&#8243; _builder_version=&#187;3.19.18&#8243; title_font=&#187;||||||||&#187; title_font_size=&#187;14px&#187; custom_padding=&#187;|||24px&#187;][\/et_pb_gallery][\/et_pb_column][\/et_pb_row][\/et_pb_section]<\/p>\n","protected":false},"excerpt":{"rendered":"<p>Theaterauff\u00fchrungen\u00a0\/\u00a0Turnervorstellungen\u00a0\u00a0\u00a01937 &#8211; 1975 Bereits im Jahre 1937 zeigten einige Mitglieder des Turnvereins sehr grossen Mut, denn sie beschlossen, sich der Kunst des Theaterspielens zu widmen. Anf\u00e4nglich f\u00fchrte A.Bircher Regie und wurde dann sp\u00e4ter von Josef Sennrich abgel\u00f6st. Einige Jahre sp\u00e4ter \u00fcbernahm August Burkard, bis anhin selbst aktiver Theaterspieler, das Zepter. Mit viel Mut machte er [&hellip;]<\/p>\n","protected":false},"author":6,"featured_media":0,"parent":0,"menu_order":0,"comment_status":"closed","ping_status":"closed","template":"","meta":{"_et_pb_use_builder":"on","_et_pb_old_content":"<!-- wp:divi\/placeholder \/-->","_et_gb_content_width":"","footnotes":""},"class_list":["post-373","page","type-page","status-publish","hentry"],"_links":{"self":[{"href":"https:\/\/stvauw.ch\/theater\/wp-json\/wp\/v2\/pages\/373","targetHints":{"allow":["GET"]}}],"collection":[{"href":"https:\/\/stvauw.ch\/theater\/wp-json\/wp\/v2\/pages"}],"about":[{"href":"https:\/\/stvauw.ch\/theater\/wp-json\/wp\/v2\/types\/page"}],"author":[{"embeddable":true,"href":"https:\/\/stvauw.ch\/theater\/wp-json\/wp\/v2\/users\/6"}],"replies":[{"embeddable":true,"href":"https:\/\/stvauw.ch\/theater\/wp-json\/wp\/v2\/comments?post=373"}],"version-history":[{"count":8,"href":"https:\/\/stvauw.ch\/theater\/wp-json\/wp\/v2\/pages\/373\/revisions"}],"predecessor-version":[{"id":508,"href":"https:\/\/stvauw.ch\/theater\/wp-json\/wp\/v2\/pages\/373\/revisions\/508"}],"wp:attachment":[{"href":"https:\/\/stvauw.ch\/theater\/wp-json\/wp\/v2\/media?parent=373"}],"curies":[{"name":"wp","href":"https:\/\/api.w.org\/{rel}","templated":true}]}}