{"id":427,"date":"2015-06-09T15:55:00","date_gmt":"2015-06-09T13:55:00","guid":{"rendered":"https:\/\/stvauw.ch\/theater\/?post_type=project&#038;p=427"},"modified":"2025-06-25T11:03:51","modified_gmt":"2025-06-25T09:03:51","slug":"2015-katharina-und-der-divamord","status":"publish","type":"project","link":"https:\/\/stvauw.ch\/theater\/project\/2015-katharina-und-der-divamord\/","title":{"rendered":"2015 Katharina und der Divamord"},"content":{"rendered":"\n[et_pb_section fb_built=&#187;1&#8243; _builder_version=&#187;3.19.18&#8243;][et_pb_row _builder_version=&#187;3.19.18&#8243;][et_pb_column type=&#187;1_2&#8243; _builder_version=&#187;3.19.18&#8243;][et_pb_text _builder_version=&#187;3.19.18&#8243;]<div id=\"main\">\n<h1 style=\"text-align: justify\"><u>Inhalt:<\/u><\/h1>\n<p style=\"text-align: justify\"><span style=\"font-size: 12px\">\u00a0 <span style=\"font-size: small\">Mara Simpson Friedli, ihres\u00a0 Zeichens\u00a0 Schauspielerin, m\u00f6chte \u00f6ffentlich ihre Lebens-Bilanz ziehen. Allerdings hat da jemand ganz m\u00e4chtig etwas dagegen und somit \u201estolpert\u201c Katharina Pfister, die\u00a0 allwissende und engagierte, mit einem ausgepr\u00e4gten kriminalistischen Sp\u00fcrsinn ausgestattete Putzfrau,\u00a0 wieder einmal \u00fcber eine Leiche. Alle, die Mara kannten, sind zutiefst schockiert. Oberinspektor Koller ist der Meinung, dass er den Fall gut alleine l\u00f6sen kann, doch Katharina macht einen Fall f\u00fcr zwei daraus. \u00a0Maras Memoiren, ein Juwelenraub\u00a0 und eine seltsame Sekte f\u00fchren Katharina, die\u00a0 dem Oberinspektor immer einen Schritt voraus ist, \u00a0auf eine brandheisse Spur. Diese Kriminalkom\u00f6die wird den Lachmuskeln der Zuschauer von Beginn an gerecht, verlangt aber den Krimi-Liebhabern auch einige Kombinationsf\u00e4higkeiten ab, denn wer diesen Mord auf dem Gewissen hat, bleibt lange ein R\u00e4tsel! Sie, liebe Theaterfreunde, durften sich auf einen \u00e4usserst \u00a0spannenden und sehr unterhaltsamen\u00a0 Abend freuen.<\/span><\/span><\/p>\n<p><span style=\"font-size: 12px\"><span style=\"font-size: small\"><\/span><\/span><\/p>\n<p><span style=\"font-size: 12px\"><span style=\"font-size: medium\"><em>Kriminalkom\u00f6die in 5 Akten, nach Charakteren von Jack Popplewell<\/em><\/span><br \/> <span style=\"font-size: medium\"><em>Schweizerdeutsche Bearbeitung von Iris K.R\u00f6thlisberger<\/em><\/span><span style=\"font-size: small\"><br \/> <\/span><\/span><\/p>\n<p><span style=\"font-size: medium\"><strong>Regie: Hanna Gehrig<\/strong><\/span><\/p>\n<p><span style=\"font-size: medium\">Personen: 4 D \/ 6 H<\/span><\/p>\n<p><span style=\"font-size: medium\">Ort der Handlung: Terrasse des Friedli-Hauses<\/span><\/p>\n<div id=\"main\">\n<div id=\"inhalt\"><\/div>\n<\/div>\n<\/div>[\/et_pb_text][\/et_pb_column][et_pb_column type=&#187;1_2&#8243; _builder_version=&#187;3.19.18&#8243;][et_pb_image src=&#187;https:\/\/stvauw.ch\/theater\/wp-content\/uploads\/sites\/4\/2019\/06\/TheaterAuw_2015_Flyer_Page_1.jpg&#187; _builder_version=&#187;3.19.18&#8243; box_shadow_style=&#187;preset1&#8243; max_width=&#187;80%&#187;][\/et_pb_image][\/et_pb_column][\/et_pb_row][et_pb_row _builder_version=&#187;3.19.18&#8243;][et_pb_column type=&#187;1_2&#8243; _builder_version=&#187;3.19.18&#8243;][et_pb_text _builder_version=&#187;3.19.18&#8243;]<div id=\"main\">\n<h1><strong>Das Theater Auw dankt<\/strong><\/h1>\n<p style=\"text-align: justify\">\u00a0\u00a0\u00a0 <strong>rr. Am Samstag, 28. November 2015 fanden die diesj\u00e4hrigen Theaterauff\u00fchrungen ihren glanzvollen Abschluss. An s\u00e4mtlichen Auff\u00fchrungsdaten durften wir vor vollem Haus auftreten. Dieser Umstand ehrt uns sehr, zeigt er uns doch, dass wir mit unserer Kriminalkom\u00f6die \u201eKatharina und der Divamord\u201c wieder eine gute Wahl getroffen haben.<\/strong><\/p>\n<p style=\"text-align: justify\">\u00a0\u00a0\u00a0 Es ist uns ein <span data-scaytid=\"10\">grosses<\/span> Bed\u00fcrfnis, allen Beteiligten zu danken. Wir danken Ihnen, liebe Theaterfreunde, f\u00fcr Ihren gesch\u00e4tzten Besuch. Sie als unser treues, sehr zahlreich erschienenes\u00a0 Publikum geizten nicht mit viel spontanem Applaus und unz\u00e4hligen Lachsalven, was die Akteure auf der B\u00fchne sehr freute.<\/p>\n<p style=\"text-align: justify\">\u00a0\u00a0 <span data-scaytid=\"11\">Aeusserst<\/span> wichtig sind f\u00fcr uns\u00a0 unsere Sponsoren, G\u00f6nner und Spender, die uns allj\u00e4hrlich <span data-scaytid=\"12\">grossz\u00fcgig<\/span> unterst\u00fctzen mit finanziellen Mitteln, aber auch mit Naturalgaben. Ihnen Allen sagen wir ein ganz herzliches Dankesch\u00f6n.<br \/> Um \u00fcberhaupt einen Anlass dieser <span data-scaytid=\"14\">Gr\u00f6sse<\/span> durchf\u00fchren zu k\u00f6nnen, braucht es unz\u00e4hlige Helferinnen und Helfer. Ein ganz <span data-scaytid=\"13\">grosses<\/span> Danke geht deshalb\u00a0 an s\u00e4mtliche Mitglieder der turnenden Vereine und der Theatergruppe, die jeweils vor und hinter der B\u00fchne im Einsatz stehen. Eure Mitarbeit war einmal mehr <span data-scaytid=\"16\">spitzenm\u00e4ssig<\/span>, denn nur dank Eures <span data-scaytid=\"17\">grossen<\/span> Einsatzes l\u00e4uft immer alles rund.<br \/> Auch die Presse verdient ein Lob, erledigt sie doch unsere Anliegen immer prompt und unkompliziert.<\/p>\n<p style=\"text-align: justify\">\u00a0\u00a0 Nun sind die Kulissen und alle Utensilien, die f\u00fcr \u201eKatharina und der Divamord\u201c n\u00f6tig waren, wieder wegger\u00e4umt. Bei den Akteuren auf der B\u00fchne hat der Alltag auch l\u00e4ngst wieder Einzug gehalten und Alle gehen wieder ihren t\u00e4glichen Pflichten nach. Vergessen ist die Theatersaison 2015 aber noch lange nicht, denn diese bleibt uns Allen mit Sicherheit noch lange pr\u00e4sent, erlebten wir doch unz\u00e4hlige sch\u00f6ne Stunden, verbunden mit interessanten und auch \u00fcberraschenden Begegnungen, die uns noch lange in Erinnerung bleiben werden. \u00a0<br \/> Schon bald wird man sich wieder mit der Theatersaison 2016 befassen m\u00fcssen, denn im Sp\u00e4therbst des neuen Jahres wird mit Sicherheit wieder Theater gespielt.<\/p>\n<\/div>[\/et_pb_text][\/et_pb_column][et_pb_column type=&#187;1_2&#8243; _builder_version=&#187;3.19.18&#8243;][et_pb_gallery gallery_ids=&#187;457,455,454,453,452,451,450,449,448,447,446,445,444,443,442,441,440,439,438&#8243; posts_number=&#187;8&#8243; show_title_and_caption=&#187;off&#187; _builder_version=&#187;3.19.18&#8243; title_level=&#187;h1&#8243; title_font=&#187;||||||||&#187; title_font_size=&#187;1px&#187; max_width=&#187;95%&#187;][\/et_pb_gallery][\/et_pb_column][\/et_pb_row][et_pb_row _builder_version=&#187;3.19.18&#8243;][et_pb_column type=&#187;3_4&#8243; _builder_version=&#187;3.19.18&#8243;][et_pb_image src=&#187;https:\/\/stvauw.ch\/theater\/wp-content\/uploads\/sites\/4\/2019\/06\/9344-e1560089590474.jpg&#187; _builder_version=&#187;3.19.18&#8243; box_shadow_style=&#187;preset1&#8243;][\/et_pb_image][\/et_pb_column][et_pb_column type=&#187;1_4&#8243; _builder_version=&#187;3.19.18&#8243;][et_pb_button button_url=&#187;https:\/\/stvauw.ch\/theater\/wp-content\/uploads\/sites\/4\/2019\/06\/2015_Programm_web.pdf&#187; url_new_window=&#187;on&#187; button_text=&#187;Programm&#187; _builder_version=&#187;3.19.18&#8243; box_shadow_style=&#187;preset1&#8243;][\/et_pb_button][\/et_pb_column][\/et_pb_row][\/et_pb_section]\n","protected":false},"excerpt":{"rendered":"<p>Inhalt: \u00a0 Mara Simpson Friedli, ihres\u00a0 Zeichens\u00a0 Schauspielerin, m\u00f6chte \u00f6ffentlich ihre Lebens-Bilanz ziehen. Allerdings hat da jemand ganz m\u00e4chtig etwas dagegen und somit \u201estolpert\u201c Katharina Pfister, die\u00a0 allwissende und engagierte, mit einem ausgepr\u00e4gten kriminalistischen Sp\u00fcrsinn ausgestattete Putzfrau,\u00a0 wieder einmal \u00fcber eine Leiche. Alle, die Mara kannten, sind zutiefst schockiert. Oberinspektor Koller ist der Meinung, dass [&hellip;]<\/p>\n","protected":false},"author":6,"featured_media":511,"comment_status":"open","ping_status":"closed","template":"","meta":{"_et_pb_use_builder":"on","_et_pb_old_content":"<!-- wp:divi\/placeholder \/-->","_et_gb_content_width":"","footnotes":""},"project_category":[6],"project_tag":[],"class_list":["post-427","project","type-project","status-publish","has-post-thumbnail","hentry","project_category-2025-2008"],"_links":{"self":[{"href":"https:\/\/stvauw.ch\/theater\/wp-json\/wp\/v2\/project\/427","targetHints":{"allow":["GET"]}}],"collection":[{"href":"https:\/\/stvauw.ch\/theater\/wp-json\/wp\/v2\/project"}],"about":[{"href":"https:\/\/stvauw.ch\/theater\/wp-json\/wp\/v2\/types\/project"}],"author":[{"embeddable":true,"href":"https:\/\/stvauw.ch\/theater\/wp-json\/wp\/v2\/users\/6"}],"replies":[{"embeddable":true,"href":"https:\/\/stvauw.ch\/theater\/wp-json\/wp\/v2\/comments?post=427"}],"version-history":[{"count":14,"href":"https:\/\/stvauw.ch\/theater\/wp-json\/wp\/v2\/project\/427\/revisions"}],"predecessor-version":[{"id":2498,"href":"https:\/\/stvauw.ch\/theater\/wp-json\/wp\/v2\/project\/427\/revisions\/2498"}],"wp:featuredmedia":[{"embeddable":true,"href":"https:\/\/stvauw.ch\/theater\/wp-json\/wp\/v2\/media\/511"}],"wp:attachment":[{"href":"https:\/\/stvauw.ch\/theater\/wp-json\/wp\/v2\/media?parent=427"}],"wp:term":[{"taxonomy":"project_category","embeddable":true,"href":"https:\/\/stvauw.ch\/theater\/wp-json\/wp\/v2\/project_category?post=427"},{"taxonomy":"project_tag","embeddable":true,"href":"https:\/\/stvauw.ch\/theater\/wp-json\/wp\/v2\/project_tag?post=427"}],"curies":[{"name":"wp","href":"https:\/\/api.w.org\/{rel}","templated":true}]}}

[et_pb_section fb_built=&#187;1&#8243; _builder_version=&#187;3.19.18&#8243;][et_pb_row _builder_version=&#187;3.19.18&#8243;][et_pb_column type=&#187;1_2&#8243; _builder_version=&#187;3.19.18&#8243;][et_pb_text _builder_version=&#187;3.19.18&#8243;]<div id="main">
<h1 style="text-align: justify"><u>Inhalt:</u></h1>
<p style="text-align: justify"><span style="font-size: 12px">  <span style="font-size: small">Mara Simpson Friedli, ihres  Zeichens  Schauspielerin, möchte öffentlich ihre Lebens-Bilanz ziehen. Allerdings hat da jemand ganz mächtig etwas dagegen und somit „stolpert“ Katharina Pfister, die  allwissende und engagierte, mit einem ausgeprägten kriminalistischen Spürsinn ausgestattete Putzfrau,  wieder einmal über eine Leiche. Alle, die Mara kannten, sind zutiefst schockiert. Oberinspektor Koller ist der Meinung, dass er den Fall gut alleine lösen kann, doch Katharina macht einen Fall für zwei daraus.  Maras Memoiren, ein Juwelenraub  und eine seltsame Sekte führen Katharina, die  dem Oberinspektor immer einen Schritt voraus ist,  auf eine brandheisse Spur. Diese Kriminalkomödie wird den Lachmuskeln der Zuschauer von Beginn an gerecht, verlangt aber den Krimi-Liebhabern auch einige Kombinationsfähigkeiten ab, denn wer diesen Mord auf dem Gewissen hat, bleibt lange ein Rätsel! Sie, liebe Theaterfreunde, durften sich auf einen äusserst  spannenden und sehr unterhaltsamen  Abend freuen.</span></span></p>
<p><span style="font-size: 12px"><span style="font-size: small"></span></span></p>
<p><span style="font-size: 12px"><span style="font-size: medium"><em>Kriminalkomödie in 5 Akten, nach Charakteren von Jack Popplewell</em></span><br /> <span style="font-size: medium"><em>Schweizerdeutsche Bearbeitung von Iris K.Röthlisberger</em></span><span style="font-size: small"><br /> </span></span></p>
<p><span style="font-size: medium"><strong>Regie: Hanna Gehrig</strong></span></p>
<p><span style="font-size: medium">Personen: 4 D / 6 H</span></p>
<p><span style="font-size: medium">Ort der Handlung: Terrasse des Friedli-Hauses</span></p>
<div id="main">
<div id="inhalt"></div>
</div>
</div>[/et_pb_text][/et_pb_column][et_pb_column type=&#187;1_2&#8243; _builder_version=&#187;3.19.18&#8243;][et_pb_image src=&#187;https://stvauw.ch/theater/wp-content/uploads/sites/4/2019/06/TheaterAuw_2015_Flyer_Page_1.jpg&#187; _builder_version=&#187;3.19.18&#8243; box_shadow_style=&#187;preset1&#8243; max_width=&#187;80%&#187;][/et_pb_image][/et_pb_column][/et_pb_row][et_pb_row _builder_version=&#187;3.19.18&#8243;][et_pb_column type=&#187;1_2&#8243; _builder_version=&#187;3.19.18&#8243;][et_pb_text _builder_version=&#187;3.19.18&#8243;]<div id="main">
<h1><strong>Das Theater Auw dankt</strong></h1>
<p style="text-align: justify">    <strong>rr. Am Samstag, 28. November 2015 fanden die diesjährigen Theateraufführungen ihren glanzvollen Abschluss. An sämtlichen Aufführungsdaten durften wir vor vollem Haus auftreten. Dieser Umstand ehrt uns sehr, zeigt er uns doch, dass wir mit unserer Kriminalkomödie „Katharina und der Divamord“ wieder eine gute Wahl getroffen haben.</strong></p>
<p style="text-align: justify">    Es ist uns ein <span data-scaytid="10">grosses</span> Bedürfnis, allen Beteiligten zu danken. Wir danken Ihnen, liebe Theaterfreunde, für Ihren geschätzten Besuch. Sie als unser treues, sehr zahlreich erschienenes  Publikum geizten nicht mit viel spontanem Applaus und unzähligen Lachsalven, was die Akteure auf der Bühne sehr freute.</p>
<p style="text-align: justify">   <span data-scaytid="11">Aeusserst</span> wichtig sind für uns  unsere Sponsoren, Gönner und Spender, die uns alljährlich <span data-scaytid="12">grosszügig</span> unterstützen mit finanziellen Mitteln, aber auch mit Naturalgaben. Ihnen Allen sagen wir ein ganz herzliches Dankeschön.<br /> Um überhaupt einen Anlass dieser <span data-scaytid="14">Grösse</span> durchführen zu können, braucht es unzählige Helferinnen und Helfer. Ein ganz <span data-scaytid="13">grosses</span> Danke geht deshalb  an sämtliche Mitglieder der turnenden Vereine und der Theatergruppe, die jeweils vor und hinter der Bühne im Einsatz stehen. Eure Mitarbeit war einmal mehr <span data-scaytid="16">spitzenmässig</span>, denn nur dank Eures <span data-scaytid="17">grossen</span> Einsatzes läuft immer alles rund.<br /> Auch die Presse verdient ein Lob, erledigt sie doch unsere Anliegen immer prompt und unkompliziert.</p>
<p style="text-align: justify">   Nun sind die Kulissen und alle Utensilien, die für „Katharina und der Divamord“ nötig waren, wieder weggeräumt. Bei den Akteuren auf der Bühne hat der Alltag auch längst wieder Einzug gehalten und Alle gehen wieder ihren täglichen Pflichten nach. Vergessen ist die Theatersaison 2015 aber noch lange nicht, denn diese bleibt uns Allen mit Sicherheit noch lange präsent, erlebten wir doch unzählige schöne Stunden, verbunden mit interessanten und auch überraschenden Begegnungen, die uns noch lange in Erinnerung bleiben werden.  <br /> Schon bald wird man sich wieder mit der Theatersaison 2016 befassen müssen, denn im Spätherbst des neuen Jahres wird mit Sicherheit wieder Theater gespielt.</p>
</div>[/et_pb_text][/et_pb_column][et_pb_column type=&#187;1_2&#8243; _builder_version=&#187;3.19.18&#8243;][et_pb_gallery gallery_ids=&#187;457,455,454,453,452,451,450,449,448,447,446,445,444,443,442,441,440,439,438&#8243; posts_number=&#187;8&#8243; show_title_and_caption=&#187;off&#187; _builder_version=&#187;3.19.18&#8243; title_level=&#187;h1&#8243; title_font=&#187;||||||||&#187; title_font_size=&#187;1px&#187; max_width=&#187;95%&#187;][/et_pb_gallery][/et_pb_column][/et_pb_row][et_pb_row _builder_version=&#187;3.19.18&#8243;][et_pb_column type=&#187;3_4&#8243; _builder_version=&#187;3.19.18&#8243;][et_pb_image src=&#187;https://stvauw.ch/theater/wp-content/uploads/sites/4/2019/06/9344-e1560089590474.jpg&#187; _builder_version=&#187;3.19.18&#8243; box_shadow_style=&#187;preset1&#8243;][/et_pb_image][/et_pb_column][et_pb_column type=&#187;1_4&#8243; _builder_version=&#187;3.19.18&#8243;][et_pb_button button_url=&#187;https://stvauw.ch/theater/wp-content/uploads/sites/4/2019/06/2015_Programm_web.pdf&#187; url_new_window=&#187;on&#187; button_text=&#187;Programm&#187; _builder_version=&#187;3.19.18&#8243; box_shadow_style=&#187;preset1&#8243;][/et_pb_button][/et_pb_column][/et_pb_row][/et_pb_section]

<p>Inhalt:   Mara Simpson Friedli, ihres  Zeichens  Schauspielerin, möchte öffentlich ihre Lebens-Bilanz ziehen. Allerdings hat da jemand ganz mächtig etwas dagegen und somit „stolpert“ Katharina Pfister, die  allwissende und engagierte, mit einem ausgeprägten kriminalistischen Spürsinn ausgestattete Putzfrau,  wieder einmal über eine Leiche. Alle, die Mara kannten, sind zutiefst schockiert. Oberinspektor Koller ist der Meinung, dass [&hellip;]</p>
